{"id":381,"date":"2020-10-20T16:13:49","date_gmt":"2020-10-20T19:13:49","guid":{"rendered":"http:\/\/dp9web.com.br\/clientes\/salviano\/?page_id=381"},"modified":"2020-10-20T18:01:38","modified_gmt":"2020-10-20T21:01:38","slug":"pecas-em-ouro","status":"publish","type":"page","link":"http:\/\/dp9web.com.br\/clientes\/salviano\/pecas-em-ouro\/","title":{"rendered":"Pe\u00e7as em Ouro"},"content":{"rendered":"\t\t<div data-elementor-type=\"wp-page\" data-elementor-id=\"381\" class=\"elementor elementor-381\" data-elementor-settings=\"[]\">\n\t\t\t\t\t\t<div class=\"elementor-inner\">\n\t\t\t\t\t\t\t<div class=\"elementor-section-wrap\">\n\t\t\t\t\t\t\t<section class=\"elementor-section elementor-top-section elementor-element elementor-element-39f4453e elementor-section-boxed elementor-section-height-default elementor-section-height-default\" data-id=\"39f4453e\" data-element_type=\"section\" data-settings=\"{&quot;background_background&quot;:&quot;classic&quot;}\">\n\t\t\t\t\t\t<div class=\"elementor-container elementor-column-gap-default\">\n\t\t\t\t\t\t\t<div class=\"elementor-row\">\n\t\t\t\t\t<div class=\"elementor-column elementor-col-100 elementor-top-column elementor-element elementor-element-11efc121\" data-id=\"11efc121\" data-element_type=\"column\">\n\t\t\t<div class=\"elementor-column-wrap elementor-element-populated\">\n\t\t\t\t\t\t\t<div class=\"elementor-widget-wrap\">\n\t\t\t\t\t\t<div class=\"elementor-element elementor-element-af68aa5 elementor-widget elementor-widget-heading\" data-id=\"af68aa5\" data-element_type=\"widget\" data-widget_type=\"heading.default\">\n\t\t\t\t<div class=\"elementor-widget-container\">\n\t\t\t<h2 class=\"elementor-heading-title elementor-size-default\">pe\u00e7as em Ouro<\/h2>\t\t<\/div>\n\t\t\t\t<\/div>\n\t\t\t\t\t\t<\/div>\n\t\t\t\t\t<\/div>\n\t\t<\/div>\n\t\t\t\t\t\t\t\t<\/div>\n\t\t\t\t\t<\/div>\n\t\t<\/section>\n\t\t\t\t<section class=\"elementor-section elementor-top-section elementor-element elementor-element-78c5e7a elementor-section-boxed elementor-section-height-default elementor-section-height-default\" data-id=\"78c5e7a\" data-element_type=\"section\">\n\t\t\t\t\t\t<div class=\"elementor-container elementor-column-gap-default\">\n\t\t\t\t\t\t\t<div class=\"elementor-row\">\n\t\t\t\t\t<div class=\"elementor-column elementor-col-100 elementor-top-column elementor-element elementor-element-6c61646\" data-id=\"6c61646\" data-element_type=\"column\">\n\t\t\t<div class=\"elementor-column-wrap elementor-element-populated\">\n\t\t\t\t\t\t\t<div class=\"elementor-widget-wrap\">\n\t\t\t\t\t\t<section class=\"elementor-section elementor-inner-section elementor-element elementor-element-da74274 elementor-section-boxed elementor-section-height-default elementor-section-height-default\" data-id=\"da74274\" data-element_type=\"section\">\n\t\t\t\t\t\t<div class=\"elementor-container elementor-column-gap-default\">\n\t\t\t\t\t\t\t<div class=\"elementor-row\">\n\t\t\t\t\t<div class=\"elementor-column elementor-col-100 elementor-inner-column elementor-element elementor-element-6970d9f\" data-id=\"6970d9f\" data-element_type=\"column\">\n\t\t\t<div class=\"elementor-column-wrap elementor-element-populated\">\n\t\t\t\t\t\t\t<div class=\"elementor-widget-wrap\">\n\t\t\t\t\t\t<div class=\"elementor-element elementor-element-546a1b6 elementor-widget elementor-widget-image\" data-id=\"546a1b6\" data-element_type=\"widget\" data-widget_type=\"image.default\">\n\t\t\t\t<div class=\"elementor-widget-container\">\n\t\t\t\t\t<div class=\"elementor-image\">\n\t\t\t\t\t\t\t\t\t\t<img width=\"1024\" height=\"685\" src=\"http:\/\/dp9web.com.br\/clientes\/salviano\/wp-content\/uploads\/2020\/10\/pecas-em-ouro-1024x685.jpg\" class=\"attachment-large size-large\" alt=\"\" loading=\"lazy\" srcset=\"http:\/\/dp9web.com.br\/clientes\/salviano\/wp-content\/uploads\/2020\/10\/pecas-em-ouro-1024x685.jpg 1024w, http:\/\/dp9web.com.br\/clientes\/salviano\/wp-content\/uploads\/2020\/10\/pecas-em-ouro-300x201.jpg 300w, http:\/\/dp9web.com.br\/clientes\/salviano\/wp-content\/uploads\/2020\/10\/pecas-em-ouro-768x514.jpg 768w, http:\/\/dp9web.com.br\/clientes\/salviano\/wp-content\/uploads\/2020\/10\/pecas-em-ouro-1536x1027.jpg 1536w, http:\/\/dp9web.com.br\/clientes\/salviano\/wp-content\/uploads\/2020\/10\/pecas-em-ouro-600x401.jpg 600w, http:\/\/dp9web.com.br\/clientes\/salviano\/wp-content\/uploads\/2020\/10\/pecas-em-ouro.jpg 1968w\" sizes=\"(max-width: 1024px) 100vw, 1024px\" \/>\t\t\t\t\t\t\t\t\t\t\t<\/div>\n\t\t\t\t<\/div>\n\t\t\t\t<\/div>\n\t\t\t\t<div class=\"elementor-element elementor-element-5269e68 elementor-widget elementor-widget-heading\" data-id=\"5269e68\" data-element_type=\"widget\" data-widget_type=\"heading.default\">\n\t\t\t\t<div class=\"elementor-widget-container\">\n\t\t\t<h2 class=\"elementor-heading-title elementor-size-default\">Ouro 18k-750<\/h2>\t\t<\/div>\n\t\t\t\t<\/div>\n\t\t\t\t<div class=\"elementor-element elementor-element-35dfef9 elementor-widget elementor-widget-text-editor\" data-id=\"35dfef9\" data-element_type=\"widget\" data-widget_type=\"text-editor.default\">\n\t\t\t\t<div class=\"elementor-widget-container\">\n\t\t\t\t\t<div class=\"elementor-text-editor elementor-clearfix\"><p>Nossos 40 anos de hist\u00f3ria, mostra que gostamos do que fazemos, al\u00e9m da alta tecnologia e profissionalismo na produ\u00e7\u00e3o de Joias, procuramos colocar amor e dedica\u00e7\u00e3o em tudo, do atendimento at\u00e9 o resultado final.<br \/>Acreditamos que uma joia \u00e9 a hist\u00f3ria que ela conta, e o amor que ela representa. E \u00e9 uma grande honra para n\u00f3s, participar da vida das pessoas de um jeito t\u00e3o especial. \u00c9 por isso que fazemos nosso trabalho com tanto cuidado.<br \/>Simbolizando etapas, seja em nascimento, noivado, casamento, formatura e celebra\u00e7\u00e3o.<br \/>Queremos fazer parte da sua hist\u00f3ria. Conte conosco.<\/p><p>Ouro 18k \u00e9 um termo comum para quem lida com joias, mas o porqu\u00ea deste nome? Com o ouro 24 quilates correspondendo ao ouro puro, o termo quilates passou a designar a pureza desse metal. Dessa forma o ouro 18k se refere \u00e0 75% de ouro e 25% de liga, que s\u00e3o outros metais. Portanto, ao utilizar-se o ouro 18k criou-se uma alternativa para a fundi\u00e7\u00e3o de pe\u00e7as em ouro, resistentes e sem a necessidade de serem muito grossas e pesadas, mas com a beleza do ou o 24k.<\/p><h4>Cuidados Com Suas Joias<\/h4><ul><li>Limpe no dia a dia apenas com uma flanela macia e seca;<\/li><li>Evite contato, guarda-las separadamente em um estojo;<\/li><li>Regularmente verificar garras, fechos, tarraxas e sistemas similares;<\/li><\/ul><h4>Garantia e informa\u00e7\u00f5es<\/h4><ul><li>Acompanha Nota fiscal e certificado de garantia.<\/li><li>Garantia Eterna do Ouro 18k-750, e qualquer defeito pelo prazo de um 1 ano.<\/li><li>Garantia da Qualidade do material utilizado.<\/li><li>Entenda Diferen\u00e7a entre Zirc\u00f4nia e Diamante.<\/li><li>Grava\u00e7\u00e3o gratuita.<\/li><li>A garantia n\u00e3o abrange produtos quebrados, arranhados, amassados, desgastados pelo uso, manchados por cremes, lo\u00e7\u00f5es, produtos qu\u00edmicos no geral e pe\u00e7as com pedras opacas devido ao ac\u00famulo de res\u00edduos ou sem a identifica\u00e7\u00e3o.<\/li><\/ul><h5>Mais informa\u00e7\u00f5es<br \/>(11) 97373-7804 ou pelo Sac<\/h5><\/div>\n\t\t\t\t<\/div>\n\t\t\t\t<\/div>\n\t\t\t\t\t\t<\/div>\n\t\t\t\t\t<\/div>\n\t\t<\/div>\n\t\t\t\t\t\t\t\t<\/div>\n\t\t\t\t\t<\/div>\n\t\t<\/section>\n\t\t\t\t\t\t<\/div>\n\t\t\t\t\t<\/div>\n\t\t<\/div>\n\t\t\t\t\t\t\t\t<\/div>\n\t\t\t\t\t<\/div>\n\t\t<\/section>\n\t\t\t\t\t\t<\/div>\n\t\t\t\t\t\t<\/div>\n\t\t\t\t\t<\/div>\n\t\t","protected":false},"excerpt":{"rendered":"<p>pe\u00e7as em Ouro Ouro 18k-750 Nossos 40 anos de hist\u00f3ria, mostra que gostamos do que fazemos, al\u00e9m da alta tecnologia e profissionalismo na produ\u00e7\u00e3o de Joias, procuramos colocar amor e dedica\u00e7\u00e3o em tudo, do atendimento at\u00e9 o resultado final. Acreditamos que uma joia \u00e9 a hist\u00f3ria que ela conta, e o amor que ela representa. [&hellip;]<\/p>\n","protected":false},"author":1,"featured_media":0,"parent":0,"menu_order":0,"comment_status":"closed","ping_status":"closed","template":"","meta":[],"_links":{"self":[{"href":"http:\/\/dp9web.com.br\/clientes\/salviano\/wp-json\/wp\/v2\/pages\/381"}],"collection":[{"href":"http:\/\/dp9web.com.br\/clientes\/salviano\/wp-json\/wp\/v2\/pages"}],"about":[{"href":"http:\/\/dp9web.com.br\/clientes\/salviano\/wp-json\/wp\/v2\/types\/page"}],"author":[{"embeddable":true,"href":"http:\/\/dp9web.com.br\/clientes\/salviano\/wp-json\/wp\/v2\/users\/1"}],"replies":[{"embeddable":true,"href":"http:\/\/dp9web.com.br\/clientes\/salviano\/wp-json\/wp\/v2\/comments?post=381"}],"version-history":[{"count":14,"href":"http:\/\/dp9web.com.br\/clientes\/salviano\/wp-json\/wp\/v2\/pages\/381\/revisions"}],"predecessor-version":[{"id":406,"href":"http:\/\/dp9web.com.br\/clientes\/salviano\/wp-json\/wp\/v2\/pages\/381\/revisions\/406"}],"wp:attachment":[{"href":"http:\/\/dp9web.com.br\/clientes\/salviano\/wp-json\/wp\/v2\/media?parent=381"}],"curies":[{"name":"wp","href":"https:\/\/api.w.org\/{rel}","templated":true}]}}