{"id":134,"date":"2020-10-06T16:52:35","date_gmt":"2020-10-06T19:52:35","guid":{"rendered":"http:\/\/localhost\/salviano\/?page_id=134"},"modified":"2020-10-06T17:02:49","modified_gmt":"2020-10-06T20:02:49","slug":"politica-de-entrega","status":"publish","type":"page","link":"http:\/\/dp9web.com.br\/clientes\/salviano\/politica-de-entrega\/","title":{"rendered":"Pol\u00edtica de Entrega"},"content":{"rendered":"\t\t<div data-elementor-type=\"wp-page\" data-elementor-id=\"134\" class=\"elementor elementor-134\" data-elementor-settings=\"[]\">\n\t\t\t\t\t\t<div class=\"elementor-inner\">\n\t\t\t\t\t\t\t<div class=\"elementor-section-wrap\">\n\t\t\t\t\t\t\t<section class=\"elementor-section elementor-top-section elementor-element elementor-element-41d1a26 elementor-section-boxed elementor-section-height-default elementor-section-height-default\" data-id=\"41d1a26\" data-element_type=\"section\" data-settings=\"{&quot;background_background&quot;:&quot;classic&quot;}\">\n\t\t\t\t\t\t<div class=\"elementor-container elementor-column-gap-default\">\n\t\t\t\t\t\t\t<div class=\"elementor-row\">\n\t\t\t\t\t<div class=\"elementor-column elementor-col-100 elementor-top-column elementor-element elementor-element-7c97023\" data-id=\"7c97023\" data-element_type=\"column\">\n\t\t\t<div class=\"elementor-column-wrap elementor-element-populated\">\n\t\t\t\t\t\t\t<div class=\"elementor-widget-wrap\">\n\t\t\t\t\t\t<div class=\"elementor-element elementor-element-177a565 elementor-widget elementor-widget-heading\" data-id=\"177a565\" data-element_type=\"widget\" data-widget_type=\"heading.default\">\n\t\t\t\t<div class=\"elementor-widget-container\">\n\t\t\t<h2 class=\"elementor-heading-title elementor-size-default\">Pol\u00edtica de entrega<\/h2>\t\t<\/div>\n\t\t\t\t<\/div>\n\t\t\t\t\t\t<\/div>\n\t\t\t\t\t<\/div>\n\t\t<\/div>\n\t\t\t\t\t\t\t\t<\/div>\n\t\t\t\t\t<\/div>\n\t\t<\/section>\n\t\t\t\t<section class=\"elementor-section elementor-top-section elementor-element elementor-element-6864088b elementor-section-boxed elementor-section-height-default elementor-section-height-default\" data-id=\"6864088b\" data-element_type=\"section\">\n\t\t\t\t\t\t<div class=\"elementor-container elementor-column-gap-default\">\n\t\t\t\t\t\t\t<div class=\"elementor-row\">\n\t\t\t\t\t<div class=\"elementor-column elementor-col-100 elementor-top-column elementor-element elementor-element-3462e928\" data-id=\"3462e928\" data-element_type=\"column\">\n\t\t\t<div class=\"elementor-column-wrap elementor-element-populated\">\n\t\t\t\t\t\t\t<div class=\"elementor-widget-wrap\">\n\t\t\t\t\t\t<div class=\"elementor-element elementor-element-3411c5dd elementor-widget elementor-widget-text-editor\" data-id=\"3411c5dd\" data-element_type=\"widget\" data-widget_type=\"text-editor.default\">\n\t\t\t\t<div class=\"elementor-widget-container\">\n\t\t\t\t\t<div class=\"elementor-text-editor elementor-clearfix\"><p>O prazo e valores de entrega dos seus pedidos varia de acordo com o endere\u00e7o e forma de envio informado para entrega. O prazo s\u00f3 come\u00e7a a ser contado a partir do momento em que o pagamento do pedido \u00e9 aprovado.<\/p><p>Os pagamentos realizados por meio de Boleto Banc\u00e1rio ser\u00e3o confirmados no dia seguinte ao pagamento do boleto. Nos pedidos realizados com cart\u00e3o de cr\u00e9dito a confirma\u00e7\u00e3o acontecer\u00e1 em at\u00e9 2 dias \u00fateis ap\u00f3s a confirma\u00e7\u00e3o da transa\u00e7\u00e3o pela Operadora e est\u00e3o sujeitos a aprova\u00e7\u00e3o e passar\u00e3o por avalia\u00e7\u00e3o de sistema antifraudes.<\/p><\/div>\n\t\t\t\t<\/div>\n\t\t\t\t<\/div>\n\t\t\t\t<div class=\"elementor-element elementor-element-732a3596 elementor-widget elementor-widget-heading\" data-id=\"732a3596\" data-element_type=\"widget\" data-widget_type=\"heading.default\">\n\t\t\t\t<div class=\"elementor-widget-container\">\n\t\t\t<h2 class=\"elementor-heading-title elementor-size-default\">sedex<\/h2>\t\t<\/div>\n\t\t\t\t<\/div>\n\t\t\t\t<div class=\"elementor-element elementor-element-24400a64 elementor-widget elementor-widget-text-editor\" data-id=\"24400a64\" data-element_type=\"widget\" data-widget_type=\"text-editor.default\">\n\t\t\t\t<div class=\"elementor-widget-container\">\n\t\t\t\t\t<div class=\"elementor-text-editor elementor-clearfix\"><p>A maior cobertura nacional e o mais alto grau de rapidez e seguran\u00e7a &#8211; o SEDEX entrega em qualquer parte do territ\u00f3rio nacional no menor prazo poss\u00edvel.<\/p><\/div>\n\t\t\t\t<\/div>\n\t\t\t\t<\/div>\n\t\t\t\t<div class=\"elementor-element elementor-element-7d7af55b elementor-widget elementor-widget-heading\" data-id=\"7d7af55b\" data-element_type=\"widget\" data-widget_type=\"heading.default\">\n\t\t\t\t<div class=\"elementor-widget-container\">\n\t\t\t<h2 class=\"elementor-heading-title elementor-size-default\">Encomenda normal<\/h2>\t\t<\/div>\n\t\t\t\t<\/div>\n\t\t\t\t<div class=\"elementor-element elementor-element-53ed23f elementor-widget elementor-widget-text-editor\" data-id=\"53ed23f\" data-element_type=\"widget\" data-widget_type=\"text-editor.default\">\n\t\t\t\t<div class=\"elementor-widget-container\">\n\t\t\t\t\t<div class=\"elementor-text-editor elementor-clearfix\"><p>Servi\u00e7o econ\u00f4mico para remessa de encomendas, atende mais de 5.000 cidades no Brasil.<\/p><p>Aten\u00e7\u00e3o: Como podem haver varia\u00e7\u00f5es de pre\u00e7o e disponibilidade entre as formas de envio, recomendamos que consulte as op\u00e7\u00f5es antes de fazer sua escolha.<\/p><\/div>\n\t\t\t\t<\/div>\n\t\t\t\t<\/div>\n\t\t\t\t<div class=\"elementor-element elementor-element-5cccb533 elementor-widget elementor-widget-heading\" data-id=\"5cccb533\" data-element_type=\"widget\" data-widget_type=\"heading.default\">\n\t\t\t\t<div class=\"elementor-widget-container\">\n\t\t\t<h2 class=\"elementor-heading-title elementor-size-default\">Informa\u00e7\u00e3o importante<\/h2>\t\t<\/div>\n\t\t\t\t<\/div>\n\t\t\t\t<div class=\"elementor-element elementor-element-36192128 elementor-widget elementor-widget-text-editor\" data-id=\"36192128\" data-element_type=\"widget\" data-widget_type=\"text-editor.default\">\n\t\t\t\t<div class=\"elementor-widget-container\">\n\t\t\t\t\t<div class=\"elementor-text-editor elementor-clearfix\"><p>As mercadorias personalizadas, cuja produ\u00e7\u00e3o leva em m\u00e9dia oito dias \u00fateis, devem ser acrescidos ao prazo dos Correios para o c\u00e1lculo da data de entrega.<\/p><\/div>\n\t\t\t\t<\/div>\n\t\t\t\t<\/div>\n\t\t\t\t<div class=\"elementor-element elementor-element-65ef86a elementor-widget elementor-widget-heading\" data-id=\"65ef86a\" data-element_type=\"widget\" data-widget_type=\"heading.default\">\n\t\t\t\t<div class=\"elementor-widget-container\">\n\t\t\t<h2 class=\"elementor-heading-title elementor-size-default\">Troca de Endere\u00e7o<\/h2>\t\t<\/div>\n\t\t\t\t<\/div>\n\t\t\t\t<div class=\"elementor-element elementor-element-2d163694 elementor-widget elementor-widget-text-editor\" data-id=\"2d163694\" data-element_type=\"widget\" data-widget_type=\"text-editor.default\">\n\t\t\t\t<div class=\"elementor-widget-container\">\n\t\t\t\t\t<div class=\"elementor-text-editor elementor-clearfix\"><p>Para sua seguran\u00e7a, n\u00e3o \u00e9 poss\u00edvel alterar o endere\u00e7o de entrega depois que a compra for finalizada&#8230;<\/p><\/div>\n\t\t\t\t<\/div>\n\t\t\t\t<\/div>\n\t\t\t\t\t\t<\/div>\n\t\t\t\t\t<\/div>\n\t\t<\/div>\n\t\t\t\t\t\t\t\t<\/div>\n\t\t\t\t\t<\/div>\n\t\t<\/section>\n\t\t\t\t\t\t<\/div>\n\t\t\t\t\t\t<\/div>\n\t\t\t\t\t<\/div>\n\t\t","protected":false},"excerpt":{"rendered":"<p>Pol\u00edtica de entrega O prazo e valores de entrega dos seus pedidos varia de acordo com o endere\u00e7o e forma de envio informado para entrega. O prazo s\u00f3 come\u00e7a a ser contado a partir do momento em que o pagamento do pedido \u00e9 aprovado. Os pagamentos realizados por meio de Boleto Banc\u00e1rio ser\u00e3o confirmados no [&hellip;]<\/p>\n","protected":false},"author":1,"featured_media":0,"parent":0,"menu_order":0,"comment_status":"closed","ping_status":"closed","template":"","meta":[],"_links":{"self":[{"href":"http:\/\/dp9web.com.br\/clientes\/salviano\/wp-json\/wp\/v2\/pages\/134"}],"collection":[{"href":"http:\/\/dp9web.com.br\/clientes\/salviano\/wp-json\/wp\/v2\/pages"}],"about":[{"href":"http:\/\/dp9web.com.br\/clientes\/salviano\/wp-json\/wp\/v2\/types\/page"}],"author":[{"embeddable":true,"href":"http:\/\/dp9web.com.br\/clientes\/salviano\/wp-json\/wp\/v2\/users\/1"}],"replies":[{"embeddable":true,"href":"http:\/\/dp9web.com.br\/clientes\/salviano\/wp-json\/wp\/v2\/comments?post=134"}],"version-history":[{"count":3,"href":"http:\/\/dp9web.com.br\/clientes\/salviano\/wp-json\/wp\/v2\/pages\/134\/revisions"}],"predecessor-version":[{"id":148,"href":"http:\/\/dp9web.com.br\/clientes\/salviano\/wp-json\/wp\/v2\/pages\/134\/revisions\/148"}],"wp:attachment":[{"href":"http:\/\/dp9web.com.br\/clientes\/salviano\/wp-json\/wp\/v2\/media?parent=134"}],"curies":[{"name":"wp","href":"https:\/\/api.w.org\/{rel}","templated":true}]}}