{"id":125,"date":"2020-10-06T16:38:47","date_gmt":"2020-10-06T19:38:47","guid":{"rendered":"http:\/\/localhost\/salviano\/?page_id=125"},"modified":"2020-10-06T16:51:58","modified_gmt":"2020-10-06T19:51:58","slug":"politica-de-garantia","status":"publish","type":"page","link":"http:\/\/dp9web.com.br\/clientes\/salviano\/politica-de-garantia\/","title":{"rendered":"Pol\u00edtica de Garantia"},"content":{"rendered":"\t\t<div data-elementor-type=\"wp-page\" data-elementor-id=\"125\" class=\"elementor elementor-125\" data-elementor-settings=\"[]\">\n\t\t\t\t\t\t<div class=\"elementor-inner\">\n\t\t\t\t\t\t\t<div class=\"elementor-section-wrap\">\n\t\t\t\t\t\t\t<section class=\"elementor-section elementor-top-section elementor-element elementor-element-c5afefb elementor-section-boxed elementor-section-height-default elementor-section-height-default\" data-id=\"c5afefb\" data-element_type=\"section\" data-settings=\"{&quot;background_background&quot;:&quot;classic&quot;}\">\n\t\t\t\t\t\t<div class=\"elementor-container elementor-column-gap-default\">\n\t\t\t\t\t\t\t<div class=\"elementor-row\">\n\t\t\t\t\t<div class=\"elementor-column elementor-col-100 elementor-top-column elementor-element elementor-element-3c4fed1\" data-id=\"3c4fed1\" data-element_type=\"column\">\n\t\t\t<div class=\"elementor-column-wrap elementor-element-populated\">\n\t\t\t\t\t\t\t<div class=\"elementor-widget-wrap\">\n\t\t\t\t\t\t<div class=\"elementor-element elementor-element-a774f7c elementor-widget elementor-widget-heading\" data-id=\"a774f7c\" data-element_type=\"widget\" data-widget_type=\"heading.default\">\n\t\t\t\t<div class=\"elementor-widget-container\">\n\t\t\t<h2 class=\"elementor-heading-title elementor-size-default\">Pol\u00edtica de Garantia<\/h2>\t\t<\/div>\n\t\t\t\t<\/div>\n\t\t\t\t\t\t<\/div>\n\t\t\t\t\t<\/div>\n\t\t<\/div>\n\t\t\t\t\t\t\t\t<\/div>\n\t\t\t\t\t<\/div>\n\t\t<\/section>\n\t\t\t\t<section class=\"elementor-section elementor-top-section elementor-element elementor-element-529d018 elementor-section-boxed elementor-section-height-default elementor-section-height-default\" data-id=\"529d018\" data-element_type=\"section\">\n\t\t\t\t\t\t<div class=\"elementor-container elementor-column-gap-default\">\n\t\t\t\t\t\t\t<div class=\"elementor-row\">\n\t\t\t\t\t<div class=\"elementor-column elementor-col-100 elementor-top-column elementor-element elementor-element-6e25c07\" data-id=\"6e25c07\" data-element_type=\"column\">\n\t\t\t<div class=\"elementor-column-wrap elementor-element-populated\">\n\t\t\t\t\t\t\t<div class=\"elementor-widget-wrap\">\n\t\t\t\t\t\t<div class=\"elementor-element elementor-element-17719e3a elementor-widget elementor-widget-text-editor\" data-id=\"17719e3a\" data-element_type=\"widget\" data-widget_type=\"text-editor.default\">\n\t\t\t\t<div class=\"elementor-widget-container\">\n\t\t\t\t\t<div class=\"elementor-text-editor elementor-clearfix\"><p>A Salviano J\u00f3ias comercializa joias e semi joias elaboradas com qualidade. Nossas pe\u00e7as s\u00e3o elaboradas com a mais alta tecnologia, mas ainda preservamos o cuidado individual e aten\u00e7\u00e3o com cada joia que entregamos aos nossos clientes.<\/p><\/div>\n\t\t\t\t<\/div>\n\t\t\t\t<\/div>\n\t\t\t\t<div class=\"elementor-element elementor-element-4b4c19b7 elementor-widget elementor-widget-heading\" data-id=\"4b4c19b7\" data-element_type=\"widget\" data-widget_type=\"heading.default\">\n\t\t\t\t<div class=\"elementor-widget-container\">\n\t\t\t<h2 class=\"elementor-heading-title elementor-size-default\">Certificado de garantia - condi\u00e7\u00f5es gerais<\/h2>\t\t<\/div>\n\t\t\t\t<\/div>\n\t\t\t\t<div class=\"elementor-element elementor-element-530e30b6 elementor-widget elementor-widget-text-editor\" data-id=\"530e30b6\" data-element_type=\"widget\" data-widget_type=\"text-editor.default\">\n\t\t\t\t<div class=\"elementor-widget-container\">\n\t\t\t\t\t<div class=\"elementor-text-editor elementor-clearfix\"><p>As joias comercializadas pela Salviano J\u00f3ias t\u00eam garantia intransfer\u00edvel de 30 dias para troca e um ano para defeito de fabrica\u00e7\u00e3o.<\/p><p>A garantia \u00e9 v\u00e1lida no territ\u00f3rio nacional e mediante a apresenta\u00e7\u00e3o do Certificado de Garantia emitido pela pr\u00f3pria Salviano J\u00f3ias.<\/p><p>Excluem-se da garantia desgastes provocados por batidas, arranh\u00f5es, choques e polimentos feitos com produtos abrasivos, morte ou perda de pedra\/perola .<\/p><p>Para eventual reparo ou troca \u00e9 imprescind\u00edvel a apresenta\u00e7\u00e3o do certificado de garantia junto com o produto. (Leia mais sobre a pol\u00edtica de troca)<\/p><p>O servi\u00e7o de reparo dos danos decorrentes do uso, acidentes ou falta de manuten\u00e7\u00e3o das joias s\u00e3o cobrados do cliente.<\/p><p>Nos casos de envio da joia para verifica\u00e7\u00e3o e\/ou conserto, as despesas de frete de envio e reenvio ficar\u00e3o por conta do cliente, exceto nos casos de defeito de fabrica\u00e7\u00e3o.<\/p><\/div>\n\t\t\t\t<\/div>\n\t\t\t\t<\/div>\n\t\t\t\t<div class=\"elementor-element elementor-element-56c5fbf elementor-widget elementor-widget-heading\" data-id=\"56c5fbf\" data-element_type=\"widget\" data-widget_type=\"heading.default\">\n\t\t\t\t<div class=\"elementor-widget-container\">\n\t\t\t<h2 class=\"elementor-heading-title elementor-size-default\">Garantia do Ouro<\/h2>\t\t<\/div>\n\t\t\t\t<\/div>\n\t\t\t\t<div class=\"elementor-element elementor-element-56947574 elementor-widget elementor-widget-text-editor\" data-id=\"56947574\" data-element_type=\"widget\" data-widget_type=\"text-editor.default\">\n\t\t\t\t<div class=\"elementor-widget-container\">\n\t\t\t\t\t<div class=\"elementor-text-editor elementor-clearfix\"><p>A referida j\u00f3ia de 18 Kl 750 tem garantia permanente da qualidade do metal e 01 (um) ano para defeito de fabrica\u00e7\u00e3o.<\/p><\/div>\n\t\t\t\t<\/div>\n\t\t\t\t<\/div>\n\t\t\t\t<div class=\"elementor-element elementor-element-473092c2 elementor-widget elementor-widget-heading\" data-id=\"473092c2\" data-element_type=\"widget\" data-widget_type=\"heading.default\">\n\t\t\t\t<div class=\"elementor-widget-container\">\n\t\t\t<h2 class=\"elementor-heading-title elementor-size-default\">Garantia do Prata<\/h2>\t\t<\/div>\n\t\t\t\t<\/div>\n\t\t\t\t<div class=\"elementor-element elementor-element-1044fc40 elementor-widget elementor-widget-text-editor\" data-id=\"1044fc40\" data-element_type=\"widget\" data-widget_type=\"text-editor.default\">\n\t\t\t\t<div class=\"elementor-widget-container\">\n\t\t\t\t\t<div class=\"elementor-text-editor elementor-clearfix\"><p>A referida j\u00f3ia em prata tem garantia permanente da qualidade do metal e 01 (um) ano para defeito de fabrica\u00e7\u00e3o.<\/p><\/div>\n\t\t\t\t<\/div>\n\t\t\t\t<\/div>\n\t\t\t\t<div class=\"elementor-element elementor-element-64b58bc6 elementor-widget elementor-widget-heading\" data-id=\"64b58bc6\" data-element_type=\"widget\" data-widget_type=\"heading.default\">\n\t\t\t\t<div class=\"elementor-widget-container\">\n\t\t\t<h2 class=\"elementor-heading-title elementor-size-default\">Garantia do Folheado<\/h2>\t\t<\/div>\n\t\t\t\t<\/div>\n\t\t\t\t<div class=\"elementor-element elementor-element-36901c5d elementor-widget elementor-widget-text-editor\" data-id=\"36901c5d\" data-element_type=\"widget\" data-widget_type=\"text-editor.default\">\n\t\t\t\t<div class=\"elementor-widget-container\">\n\t\t\t\t\t<div class=\"elementor-text-editor elementor-clearfix\"><p>A referida Semi joia folheada a ouro 18K ou folheada a prata, s\u00e3o feitas em lat\u00e3o e recebem uma camada superficial de ouro ou prata. Essa camada pode ser danificada quando em entra em atrito com superf\u00edcies \u00e1speras. (Essa situa\u00e7\u00e3o n\u00e3o \u00e9 considerada defeito de fabrica\u00e7\u00e3o)<\/p><p>A semi j\u00f3ias tem garantia de 01 (um) ano do folheado e em caso de defeito de fabrica\u00e7\u00e3o.<\/p><\/div>\n\t\t\t\t<\/div>\n\t\t\t\t<\/div>\n\t\t\t\t<div class=\"elementor-element elementor-element-3f45b9b elementor-widget elementor-widget-heading\" data-id=\"3f45b9b\" data-element_type=\"widget\" data-widget_type=\"heading.default\">\n\t\t\t\t<div class=\"elementor-widget-container\">\n\t\t\t<h2 class=\"elementor-heading-title elementor-size-default\">Garantia do Rel\u00f3gio <\/h2>\t\t<\/div>\n\t\t\t\t<\/div>\n\t\t\t\t<div class=\"elementor-element elementor-element-7b0106be elementor-widget elementor-widget-text-editor\" data-id=\"7b0106be\" data-element_type=\"widget\" data-widget_type=\"text-editor.default\">\n\t\t\t\t<div class=\"elementor-widget-container\">\n\t\t\t\t\t<div class=\"elementor-text-editor elementor-clearfix\"><p>Todos os rel\u00f3gios comprados no site da Salviano J\u00f3ias acompanham um termo de garantia* do produto. A garantia dos rel\u00f3gios muda de marca para marca, para saber se o seu rel\u00f3gio se encontra no per\u00edodo de garantia, por favor, consulte o manual enviado junto com seu rel\u00f3gio.<\/p><p><strong>* <\/strong>Os rel\u00f3gios comprados no site da Salviano J\u00f3ias t\u00eam a manuten\u00e7\u00e3o\/conserto diretamente com o fabricante.<\/p><p>As garantias (legal e contratual) n\u00e3o s\u00e3o aplicadas para situa\u00e7\u00f5es de perda, roubo ou furto de pe\u00e7as. Tais situa\u00e7\u00f5es s\u00e3o de responsabilidade exclusiva do consumidor.<\/p><\/div>\n\t\t\t\t<\/div>\n\t\t\t\t<\/div>\n\t\t\t\t\t\t<\/div>\n\t\t\t\t\t<\/div>\n\t\t<\/div>\n\t\t\t\t\t\t\t\t<\/div>\n\t\t\t\t\t<\/div>\n\t\t<\/section>\n\t\t\t\t\t\t<\/div>\n\t\t\t\t\t\t<\/div>\n\t\t\t\t\t<\/div>\n\t\t","protected":false},"excerpt":{"rendered":"<p>Pol\u00edtica de Garantia A Salviano J\u00f3ias comercializa joias e semi joias elaboradas com qualidade. Nossas pe\u00e7as s\u00e3o elaboradas com a mais alta tecnologia, mas ainda preservamos o cuidado individual e aten\u00e7\u00e3o com cada joia que entregamos aos nossos clientes. Certificado de garantia &#8211; condi\u00e7\u00f5es gerais As joias comercializadas pela Salviano J\u00f3ias t\u00eam garantia intransfer\u00edvel de [&hellip;]<\/p>\n","protected":false},"author":1,"featured_media":0,"parent":0,"menu_order":0,"comment_status":"closed","ping_status":"closed","template":"","meta":[],"_links":{"self":[{"href":"http:\/\/dp9web.com.br\/clientes\/salviano\/wp-json\/wp\/v2\/pages\/125"}],"collection":[{"href":"http:\/\/dp9web.com.br\/clientes\/salviano\/wp-json\/wp\/v2\/pages"}],"about":[{"href":"http:\/\/dp9web.com.br\/clientes\/salviano\/wp-json\/wp\/v2\/types\/page"}],"author":[{"embeddable":true,"href":"http:\/\/dp9web.com.br\/clientes\/salviano\/wp-json\/wp\/v2\/users\/1"}],"replies":[{"embeddable":true,"href":"http:\/\/dp9web.com.br\/clientes\/salviano\/wp-json\/wp\/v2\/comments?post=125"}],"version-history":[{"count":5,"href":"http:\/\/dp9web.com.br\/clientes\/salviano\/wp-json\/wp\/v2\/pages\/125\/revisions"}],"predecessor-version":[{"id":133,"href":"http:\/\/dp9web.com.br\/clientes\/salviano\/wp-json\/wp\/v2\/pages\/125\/revisions\/133"}],"wp:attachment":[{"href":"http:\/\/dp9web.com.br\/clientes\/salviano\/wp-json\/wp\/v2\/media?parent=125"}],"curies":[{"name":"wp","href":"https:\/\/api.w.org\/{rel}","templated":true}]}}